{"id":427,"date":"2021-11-20T08:33:13","date_gmt":"2021-11-20T07:33:13","guid":{"rendered":"https:\/\/calistaengineering.fr\/?page_id=427"},"modified":"2022-01-31T16:45:43","modified_gmt":"2022-01-31T15:45:43","slug":"f-a-q","status":"publish","type":"page","link":"https:\/\/calistaengineering.fr\/index.php\/f-a-q\/","title":{"rendered":"F.A.Q"},"content":{"rendered":"\n<p class=\"has-large-font-size\"><strong>Foire Aux Questions<\/strong><\/p>\n\n\n\n<hr class=\"wp-block-separator is-style-dots\"\/>\n\n\n\n<p class=\"has-medium-font-size\"><strong>Qu&rsquo;es-ce que la reprogrammation ?<\/strong><\/p>\n\n\n\n<p>Les v\u00e9hicules modernes sont \u00e9quip\u00e9s d\u2019un moteur \u00e0 injection et disposent d\u2019un calculateur.<br>Ce calculateur contr\u00f4le de nombreux param\u00e8tres afin d\u2019assurer le bon fonctionnement du moteur.<br>Une reprogrammation moteur consiste \u00e0 optimiser le programme de ce calculateur afin d&rsquo;am\u00e9liorer son rendement, le r\u00e9sultat sera un gain de couple ainsi que de puissance.<\/p>\n\n\n\n<p class=\"has-medium-font-size\"><strong>Combien de temps n\u00e9cessite une reprogrammation moteur ?<\/strong><\/p>\n\n\n\n<p>L\u2019intervention se fait sur rendez-vous uniquement, \u00e0 domicile, ou dans un de nos garages partenaire.<\/p>\n\n\n\n<p>Une reprogrammation puissance s\u2019effectue g\u00e9n\u00e9ralement en 1 journ\u00e9e.<\/p>\n\n\n\n<p>Pour une reprogrammation FlexFuel il faut pr\u00e9voir 24 heures en moyenne.<\/p>\n\n\n\n<p>Chaque reprogrammation \u00e9tant effectu\u00e9e sur mesure, la r\u00e9alisation peut varier d\u2019une voiture \u00e0 une autre, lors de la prise de rendez-vous, nous vous indiquons le temps approximatif n\u00e9cessaire pour votre v\u00e9hicule.<\/p>\n\n\n\n<p class=\"has-medium-font-size\"><strong>Quelles sont les garanties ?<\/strong><\/p>\n\n\n\n<p>Nous offrons 2 ans de garantie sur la reprogrammation, ainsi que la remise du v\u00e9hicule \u00e0 l\u2019\u00e9tat d\u2019origine en cas de vente. Nous garantissons l\u2019augmentation de puissance et de couple suite \u00e0 la reprogrammation, \u00e0 condition que le moteur soit en bon \u00e9tat et que les entretiens aient \u00e9t\u00e9 r\u00e9alis\u00e9s en temps et en heure.\u200b<\/p>\n\n\n\n<p class=\"has-medium-font-size\"><strong>Est ce qu\u2019il y a un risque pour le moteur ?<\/strong><\/p>\n\n\n\n<p>Les reprogrammations que nous proposons respectent les tol\u00e9rances fix\u00e9es par le constructeur, tant au niveau du moteur que de la bo\u00eete de vitesse.<br>Il n\u2019y a donc aucun risque pour le moteur.<\/p>\n\n\n\n<p class=\"has-medium-font-size\"><strong>Vais-je consommer plus apr\u00e8s la modification?<\/strong><\/p>\n\n\n\n<p>Non, votre consommation moyenne baissera d&rsquo;environ 8-15%, et ce pour plusieurs raisons :<\/p>\n\n\n\n<p>Vous aurez un meilleur rendement moteur gr\u00e2ce au r\u00e9glage individuel ;<\/p>\n\n\n\n<p>Comme vous aurez plus de couple et de puissance, vous n\u2019avez plus besoin d\u2019acc\u00e9l\u00e9rer aussi fort qu\u2019avant et pourrez maintenir votre vitesse de croisi\u00e8re avec un filet de gaz.<\/p>\n\n\n\n<p class=\"has-medium-font-size\"><strong>Reprogrammation ou boitier additionnel?<\/strong><\/p>\n\n\n\n<p>Le bo\u00eetier additionnel a un fonctionnement tr\u00e8s simple : il fausse une information envoy\u00e9e au calculateur. Ce dernier ne travaille plus dans les conditions optimales puisqu\u2019il ne re\u00e7oit plus les informations correctes li\u00e9es \u00e0 son environnement.<\/p>\n\n\n\n<p>A l\u2019oppos\u00e9, lors d\u2019une reprogrammation moteur, de nombreux param\u00e8tres sont modifi\u00e9s dans le calculateur, afin de lui indiquer une nouvelle fa\u00e7on de travailler, mais toujours en ad\u00e9quation avec son environnement et les conditions de fonctionnement.<\/p>\n\n\n\n<p>La reprogrammation agit donc \u00e0 la fois de fa\u00e7on plus pointue, plus pr\u00e9cise, mais aussi dans le respect des tol\u00e9rances moteurs.<\/p>\n\n\n\n<p>Les performances et le plaisir de conduite sont donc sup\u00e9rieurs, tout en gardant une fiabilit\u00e9 bien sup\u00e9rieure au boitier additionnel.<\/p>\n\n\n\n<p class=\"has-medium-font-size\"><strong>Reprogrammation et \u00e9conomie de carburant?<\/strong><\/p>\n\n\n\n<p>Les r\u00e9glages d\u2019usine sont souvent tr\u00e8s riches et mal optimis\u00e9s, nous travaillons chaque cartographie pour obtenir un meilleur rendement moteur, ainsi en augmentant la puissance et surtout le couple vous aurez moins besoin de solliciter votre moteur pour acc\u00e9l\u00e9rer ou maintenir la vitesse.<\/p>\n\n\n\n<p class=\"has-medium-font-size\"><strong>La reprogrammation est possible pour tous les moteurs?<\/strong><\/p>\n\n\n\n<p>En r\u00e8gle g\u00e9n\u00e9rale il faut disposer d\u2019un moteur turbo essence ou diesel. Les gains sur les moteurs atmosph\u00e9riques sont limit\u00e9s hormis quelques exceptions.<\/p>\n\n\n\n<p class=\"has-medium-font-size\"><strong>Quel est le kilom\u00e9trage maximum?<\/strong><\/p>\n\n\n\n<p>Notre politique est qu\u2019il n\u2019y a aucune restriction de puissance par rapport au maximum possible jusqu\u2019\u00e0 200 000 km, au-del\u00e0 nous imposons de nouvelles valeurs limites en fonction du kilom\u00e9trage r\u00e9el au moment de l\u2019intervention.<\/p>\n\n\n\n<p class=\"has-medium-font-size\"><strong>Est-ce que je perds ma garantie constructeur si je fais une reprogrammation moteur?<\/strong><\/p>\n\n\n\n<p>Concernant la garantie constructeur, certaines marques sont plus vigilantes que d\u2019autres.<\/p>\n\n\n\n<p>Chez BMW, Mini et VAG (Audi, Volkswagen, Skoda, Seat\u2026), la reprogrammation \u00e9tait d\u00e9tectable par le pass\u00e9 mais ce n\u2019est plus le cas (pour la majorit\u00e9 des motorisations).<br>En effet, nous avons un nouveau syst\u00e8me permettant de rendre la reprogrammation totalement invisible lors de la proc\u00e9dure de contr\u00f4le chez le constructeur.<\/p>\n\n\n\n<p>Pour les autres marques, la reprogrammation n\u2019est pas d\u00e9tectable.<br>Lors des entretiens classiques, vous ne rencontrerez donc aucun probl\u00e8me de garantie apr\u00e8s la cartographie.<br>Cependant, en cas de demande de garantie, il sera n\u00e9cessaire de revenir chez nous avant le passage au garage pour remettre votre v\u00e9hicule d\u2019origine.<\/p>\n\n\n\n<p>Ensuite, apr\u00e8s votre passage au garage, nous pouvons r\u00e9injecter la reprogrammation.<br>L\u2019op\u00e9ration est enti\u00e8rement gratuite.<\/p>\n\n\n\n<p>Toutefois, nous ne pouvons pas vous garantir que les constructeurs ne changeront pas leur m\u00e9thode de d\u00e9tection dans le futur.<\/p>\n\n\n\n<p class=\"has-medium-font-size\"><strong>Pourquoi le constructeur n\u2019a-t-il pas directement param\u00e9tr\u00e9 le calculateur au maximum de son rendement ?<\/strong><\/p>\n\n\n\n<p>Les constructeurs r\u00e8glent les moteurs en fonction des diff\u00e9rences de contraintes : les v\u00e9hicules doivent pouvoir rouler aussi bien en Finlande en hiver qu\u2019au Maroc en \u00e9t\u00e9, et cela, quel que soit le type de conduite de l\u2019usager.<br>La qualit\u00e9 des carburants n\u2019est \u00e9galement pas identique dans tous les pays et les constructeurs doivent d\u00e8s lors trouver un compromis dans leur programmation d\u2019origine pour que chaque v\u00e9hicule fonctionne correctement partout.<br>Enfin, de nombreux constructeurs brident les moteurs des v\u00e9hicules pour des raisons de positionnement marketing.<br>Nous adaptons donc les param\u00e8tres du calculateur de votre v\u00e9hicule en fonction de votre conduite et de votre environnement, tout en restant dans les tol\u00e9rances impos\u00e9es par les constructeurs.<\/p>\n","protected":false},"excerpt":{"rendered":"<p>Foire Aux Questions Qu&rsquo;es-ce que la reprogrammation ? Les v\u00e9hicules modernes sont \u00e9quip\u00e9s d\u2019un moteur \u00e0 injection et disposent d\u2019un calculateur.Ce calculateur contr\u00f4le de nombreux param\u00e8tres afin d\u2019assurer le bon fonctionnement du moteur.Une reprogrammation moteur consiste \u00e0 optimiser le programme de ce calculateur afin d&rsquo;am\u00e9liorer son rendement, le r\u00e9sultat sera un gain de couple ainsi &hellip;<\/p>\n","protected":false},"author":1,"featured_media":278,"parent":0,"menu_order":0,"comment_status":"closed","ping_status":"closed","template":"","meta":{"footnotes":""},"class_list":["post-427","page","type-page","status-publish","has-post-thumbnail","hentry"],"yoast_head":"<!-- This site is optimized with the Yoast SEO plugin v27.5 - https:\/\/yoast.com\/product\/yoast-seo-wordpress\/ -->\n<title>F.A.Q - CALISTA ENGINEERING<\/title>\n<meta name=\"robots\" content=\"index, follow, max-snippet:-1, max-image-preview:large, max-video-preview:-1\" \/>\n<link rel=\"canonical\" href=\"https:\/\/calistaengineering.fr\/index.php\/f-a-q\/\" \/>\n<meta property=\"og:locale\" content=\"fr_FR\" \/>\n<meta property=\"og:type\" content=\"article\" \/>\n<meta property=\"og:title\" content=\"F.A.Q - CALISTA ENGINEERING\" \/>\n<meta property=\"og:description\" content=\"Foire Aux Questions Qu&rsquo;es-ce que la reprogrammation ? Les v\u00e9hicules modernes sont \u00e9quip\u00e9s d\u2019un moteur \u00e0 injection et disposent d\u2019un calculateur.Ce calculateur contr\u00f4le de nombreux param\u00e8tres afin d\u2019assurer le bon fonctionnement du moteur.Une reprogrammation moteur consiste \u00e0 optimiser le programme de ce calculateur afin d&rsquo;am\u00e9liorer son rendement, le r\u00e9sultat sera un gain de couple ainsi &hellip;\" \/>\n<meta property=\"og:url\" content=\"https:\/\/calistaengineering.fr\/index.php\/f-a-q\/\" \/>\n<meta property=\"og:site_name\" content=\"CALISTA ENGINEERING\" \/>\n<meta property=\"article:publisher\" content=\"https:\/\/www.facebook.com\/calistaefficienceperformance\" \/>\n<meta property=\"article:modified_time\" content=\"2022-01-31T15:45:43+00:00\" \/>\n<meta property=\"og:image\" content=\"https:\/\/calistaengineering.fr\/wp-content\/uploads\/2021\/11\/cropped-cropped-111201-e1643643481700.jpg\" \/>\n\t<meta property=\"og:image:width\" content=\"1500\" \/>\n\t<meta property=\"og:image:height\" content=\"572\" \/>\n\t<meta property=\"og:image:type\" content=\"image\/jpeg\" \/>\n<meta name=\"twitter:card\" content=\"summary_large_image\" \/>\n<meta name=\"twitter:label1\" content=\"Dur\u00e9e de lecture estim\u00e9e\" \/>\n\t<meta name=\"twitter:data1\" content=\"5 minutes\" \/>\n<script type=\"application\/ld+json\" class=\"yoast-schema-graph\">{\"@context\":\"https:\\\/\\\/schema.org\",\"@graph\":[{\"@type\":\"WebPage\",\"@id\":\"https:\\\/\\\/calistaengineering.fr\\\/index.php\\\/f-a-q\\\/\",\"url\":\"https:\\\/\\\/calistaengineering.fr\\\/index.php\\\/f-a-q\\\/\",\"name\":\"F.A.Q - CALISTA ENGINEERING\",\"isPartOf\":{\"@id\":\"https:\\\/\\\/calistaengineering.fr\\\/#website\"},\"primaryImageOfPage\":{\"@id\":\"https:\\\/\\\/calistaengineering.fr\\\/index.php\\\/f-a-q\\\/#primaryimage\"},\"image\":{\"@id\":\"https:\\\/\\\/calistaengineering.fr\\\/index.php\\\/f-a-q\\\/#primaryimage\"},\"thumbnailUrl\":\"https:\\\/\\\/calistaengineering.fr\\\/wp-content\\\/uploads\\\/2021\\\/11\\\/cropped-cropped-111201-e1643643481700.jpg\",\"datePublished\":\"2021-11-20T07:33:13+00:00\",\"dateModified\":\"2022-01-31T15:45:43+00:00\",\"breadcrumb\":{\"@id\":\"https:\\\/\\\/calistaengineering.fr\\\/index.php\\\/f-a-q\\\/#breadcrumb\"},\"inLanguage\":\"fr-FR\",\"potentialAction\":[{\"@type\":\"ReadAction\",\"target\":[\"https:\\\/\\\/calistaengineering.fr\\\/index.php\\\/f-a-q\\\/\"]}]},{\"@type\":\"ImageObject\",\"inLanguage\":\"fr-FR\",\"@id\":\"https:\\\/\\\/calistaengineering.fr\\\/index.php\\\/f-a-q\\\/#primaryimage\",\"url\":\"https:\\\/\\\/calistaengineering.fr\\\/wp-content\\\/uploads\\\/2021\\\/11\\\/cropped-cropped-111201-e1643643481700.jpg\",\"contentUrl\":\"https:\\\/\\\/calistaengineering.fr\\\/wp-content\\\/uploads\\\/2021\\\/11\\\/cropped-cropped-111201-e1643643481700.jpg\",\"width\":1500,\"height\":572,\"caption\":\"image de couverture\"},{\"@type\":\"BreadcrumbList\",\"@id\":\"https:\\\/\\\/calistaengineering.fr\\\/index.php\\\/f-a-q\\\/#breadcrumb\",\"itemListElement\":[{\"@type\":\"ListItem\",\"position\":1,\"name\":\"Reprogrammation moteur landes sanguinet biscarrosse mimizan\",\"item\":\"https:\\\/\\\/calistaengineering.fr\\\/\"},{\"@type\":\"ListItem\",\"position\":2,\"name\":\"F.A.Q\"}]},{\"@type\":\"WebSite\",\"@id\":\"https:\\\/\\\/calistaengineering.fr\\\/#website\",\"url\":\"https:\\\/\\\/calistaengineering.fr\\\/\",\"name\":\"CALISTA ENGINEERING\",\"description\":\"Efficience &amp; Performance\",\"publisher\":{\"@id\":\"https:\\\/\\\/calistaengineering.fr\\\/#organization\"},\"potentialAction\":[{\"@type\":\"SearchAction\",\"target\":{\"@type\":\"EntryPoint\",\"urlTemplate\":\"https:\\\/\\\/calistaengineering.fr\\\/?s={search_term_string}\"},\"query-input\":{\"@type\":\"PropertyValueSpecification\",\"valueRequired\":true,\"valueName\":\"search_term_string\"}}],\"inLanguage\":\"fr-FR\"},{\"@type\":\"Organization\",\"@id\":\"https:\\\/\\\/calistaengineering.fr\\\/#organization\",\"name\":\"Calista Engineering\",\"url\":\"https:\\\/\\\/calistaengineering.fr\\\/\",\"logo\":{\"@type\":\"ImageObject\",\"inLanguage\":\"fr-FR\",\"@id\":\"https:\\\/\\\/calistaengineering.fr\\\/#\\\/schema\\\/logo\\\/image\\\/\",\"url\":\"https:\\\/\\\/i0.wp.com\\\/calistaengineering.fr\\\/wp-content\\\/uploads\\\/2021\\\/11\\\/cropped-cropped-cropped-logo-web-transparent.png?fit=86%2C45&ssl=1\",\"contentUrl\":\"https:\\\/\\\/i0.wp.com\\\/calistaengineering.fr\\\/wp-content\\\/uploads\\\/2021\\\/11\\\/cropped-cropped-cropped-logo-web-transparent.png?fit=86%2C45&ssl=1\",\"width\":86,\"height\":45,\"caption\":\"Calista Engineering\"},\"image\":{\"@id\":\"https:\\\/\\\/calistaengineering.fr\\\/#\\\/schema\\\/logo\\\/image\\\/\"},\"sameAs\":[\"https:\\\/\\\/www.facebook.com\\\/calistaefficienceperformance\"]}]}<\/script>\n<!-- \/ Yoast SEO plugin. -->","yoast_head_json":{"title":"F.A.Q - CALISTA ENGINEERING","robots":{"index":"index","follow":"follow","max-snippet":"max-snippet:-1","max-image-preview":"max-image-preview:large","max-video-preview":"max-video-preview:-1"},"canonical":"https:\/\/calistaengineering.fr\/index.php\/f-a-q\/","og_locale":"fr_FR","og_type":"article","og_title":"F.A.Q - CALISTA ENGINEERING","og_description":"Foire Aux Questions Qu&rsquo;es-ce que la reprogrammation ? Les v\u00e9hicules modernes sont \u00e9quip\u00e9s d\u2019un moteur \u00e0 injection et disposent d\u2019un calculateur.Ce calculateur contr\u00f4le de nombreux param\u00e8tres afin d\u2019assurer le bon fonctionnement du moteur.Une reprogrammation moteur consiste \u00e0 optimiser le programme de ce calculateur afin d&rsquo;am\u00e9liorer son rendement, le r\u00e9sultat sera un gain de couple ainsi &hellip;","og_url":"https:\/\/calistaengineering.fr\/index.php\/f-a-q\/","og_site_name":"CALISTA ENGINEERING","article_publisher":"https:\/\/www.facebook.com\/calistaefficienceperformance","article_modified_time":"2022-01-31T15:45:43+00:00","og_image":[{"width":1500,"height":572,"url":"https:\/\/calistaengineering.fr\/wp-content\/uploads\/2021\/11\/cropped-cropped-111201-e1643643481700.jpg","type":"image\/jpeg"}],"twitter_card":"summary_large_image","twitter_misc":{"Dur\u00e9e de lecture estim\u00e9e":"5 minutes"},"schema":{"@context":"https:\/\/schema.org","@graph":[{"@type":"WebPage","@id":"https:\/\/calistaengineering.fr\/index.php\/f-a-q\/","url":"https:\/\/calistaengineering.fr\/index.php\/f-a-q\/","name":"F.A.Q - CALISTA ENGINEERING","isPartOf":{"@id":"https:\/\/calistaengineering.fr\/#website"},"primaryImageOfPage":{"@id":"https:\/\/calistaengineering.fr\/index.php\/f-a-q\/#primaryimage"},"image":{"@id":"https:\/\/calistaengineering.fr\/index.php\/f-a-q\/#primaryimage"},"thumbnailUrl":"https:\/\/calistaengineering.fr\/wp-content\/uploads\/2021\/11\/cropped-cropped-111201-e1643643481700.jpg","datePublished":"2021-11-20T07:33:13+00:00","dateModified":"2022-01-31T15:45:43+00:00","breadcrumb":{"@id":"https:\/\/calistaengineering.fr\/index.php\/f-a-q\/#breadcrumb"},"inLanguage":"fr-FR","potentialAction":[{"@type":"ReadAction","target":["https:\/\/calistaengineering.fr\/index.php\/f-a-q\/"]}]},{"@type":"ImageObject","inLanguage":"fr-FR","@id":"https:\/\/calistaengineering.fr\/index.php\/f-a-q\/#primaryimage","url":"https:\/\/calistaengineering.fr\/wp-content\/uploads\/2021\/11\/cropped-cropped-111201-e1643643481700.jpg","contentUrl":"https:\/\/calistaengineering.fr\/wp-content\/uploads\/2021\/11\/cropped-cropped-111201-e1643643481700.jpg","width":1500,"height":572,"caption":"image de couverture"},{"@type":"BreadcrumbList","@id":"https:\/\/calistaengineering.fr\/index.php\/f-a-q\/#breadcrumb","itemListElement":[{"@type":"ListItem","position":1,"name":"Reprogrammation moteur landes sanguinet biscarrosse mimizan","item":"https:\/\/calistaengineering.fr\/"},{"@type":"ListItem","position":2,"name":"F.A.Q"}]},{"@type":"WebSite","@id":"https:\/\/calistaengineering.fr\/#website","url":"https:\/\/calistaengineering.fr\/","name":"CALISTA ENGINEERING","description":"Efficience &amp; Performance","publisher":{"@id":"https:\/\/calistaengineering.fr\/#organization"},"potentialAction":[{"@type":"SearchAction","target":{"@type":"EntryPoint","urlTemplate":"https:\/\/calistaengineering.fr\/?s={search_term_string}"},"query-input":{"@type":"PropertyValueSpecification","valueRequired":true,"valueName":"search_term_string"}}],"inLanguage":"fr-FR"},{"@type":"Organization","@id":"https:\/\/calistaengineering.fr\/#organization","name":"Calista Engineering","url":"https:\/\/calistaengineering.fr\/","logo":{"@type":"ImageObject","inLanguage":"fr-FR","@id":"https:\/\/calistaengineering.fr\/#\/schema\/logo\/image\/","url":"https:\/\/i0.wp.com\/calistaengineering.fr\/wp-content\/uploads\/2021\/11\/cropped-cropped-cropped-logo-web-transparent.png?fit=86%2C45&ssl=1","contentUrl":"https:\/\/i0.wp.com\/calistaengineering.fr\/wp-content\/uploads\/2021\/11\/cropped-cropped-cropped-logo-web-transparent.png?fit=86%2C45&ssl=1","width":86,"height":45,"caption":"Calista Engineering"},"image":{"@id":"https:\/\/calistaengineering.fr\/#\/schema\/logo\/image\/"},"sameAs":["https:\/\/www.facebook.com\/calistaefficienceperformance"]}]}},"jetpack_sharing_enabled":true,"_links":{"self":[{"href":"https:\/\/calistaengineering.fr\/index.php\/wp-json\/wp\/v2\/pages\/427","targetHints":{"allow":["GET"]}}],"collection":[{"href":"https:\/\/calistaengineering.fr\/index.php\/wp-json\/wp\/v2\/pages"}],"about":[{"href":"https:\/\/calistaengineering.fr\/index.php\/wp-json\/wp\/v2\/types\/page"}],"author":[{"embeddable":true,"href":"https:\/\/calistaengineering.fr\/index.php\/wp-json\/wp\/v2\/users\/1"}],"replies":[{"embeddable":true,"href":"https:\/\/calistaengineering.fr\/index.php\/wp-json\/wp\/v2\/comments?post=427"}],"version-history":[{"count":1,"href":"https:\/\/calistaengineering.fr\/index.php\/wp-json\/wp\/v2\/pages\/427\/revisions"}],"predecessor-version":[{"id":428,"href":"https:\/\/calistaengineering.fr\/index.php\/wp-json\/wp\/v2\/pages\/427\/revisions\/428"}],"wp:featuredmedia":[{"embeddable":true,"href":"https:\/\/calistaengineering.fr\/index.php\/wp-json\/wp\/v2\/media\/278"}],"wp:attachment":[{"href":"https:\/\/calistaengineering.fr\/index.php\/wp-json\/wp\/v2\/media?parent=427"}],"curies":[{"name":"wp","href":"https:\/\/api.w.org\/{rel}","templated":true}]}}